he highest common divisor of n and 1485?
99
Suppose -25 = -0*z - 3*z + 4*k, -5*z + k + 70 = 0. Let v be (-12 - -30)*z/2. What is the highest common divisor of v and 54?
27
Suppose -21 = -3*d + 18. Let f be (-4 + 5/(-15))/((-1)/27). What is the highest common divisor of d and f?
13
Let u(v) = 101*v - 297. Let c be u(3). What is the highest common divisor of c and 2298?
6
Let y be (-2)/(-6) - (-23)/3. Suppose 87*j - 10 = 92*j, -34 = -3*q + 5*j. Calculate the highest common divisor of y and q.
8
Let o(w) = -w - 10. Let i be (-4)/14 + (-328)/28. Let u be o(i). Suppose -3*l = -u*l - 112. Calculate the greatest common divisor of 14 and l.
14
Suppose -5 + 17 = 4*q. Suppose -q*f - 72 = -11*f. Calculate the greatest common divisor of 63 and f.
9
Let z = 19 + -19. Suppose 5*y - 3*u = -u + 38, z = -4*y + 4*u + 40. Let b be (1 - -2)*(9 + -7). Calculate the highest common factor of b and y.
6
Let j = 51 + 9. Suppose 2*u + u + 3*h = 102, u + 4*h = 31. Let z = u - 15. What is the greatest common divisor of j and z?
20
Let h be 0 + (0 + 1 - 1). Suppose h*b + 2*b - 6 = 0. Suppose -4*d = -4*c + 2*c - 18, -4*c + 24 = 4*d. What is the greatest common factor of c and b?
1
Let j(h) = h**2 + 5*h - 8. Let c be j(-8). Let t be 8/(-12) + c/6. Suppose t*x - 7*x = -440. Calculate the greatest common divisor of x and 11.
11
Suppose 4*h = -h + 20. Suppose -4*q + h*v + 28 = 0, 6*q - 2*q = -4*v + 52. Let k = 119 - 69. Calculate the highest common divisor of k and q.
10
Let f(w) = -w**2 - 8*w - 10. Let x be f(-10). Let t = x + 51. Calculate the greatest common divisor of t and 3.
3
Suppose -11*f + 135 = -74. What is the highest common factor of f and 437?
19
Suppose -2*t = 3*t - 790. Suppose 2*m + 2*m - t = -5*s, 2*s = -3*m + 122. Calculate the greatest common divisor of m and 6.
6
Let y(f) = f**3 + 17*f**2 + 16*f + 25. Let p be y(-16). Calculate the greatest common factor of 55 and p.
5
Suppose 1610 = -27*i + 50*i. Calculate the highest common divisor of 35 and i.
35
Let k(u) = 2*u - 3. Let d(b) = -3*b + 4. Let z(i) = 3*d(i) + 4*k(i). Let n be z(-12). Calculate the greatest common divisor of 24 and n.
12
Suppose q = -5*u + 50 + 408, -q - 462 = -5*u. What is the highest common divisor of u and 161?
23
Let w be (-2 + 0)*33/(-22). Let f be (w + -2 - -43) + 4. What is the highest common factor of 48 and f?
48
Suppose 0 = -5*d + 3*d + 2*s + 422, d - 3*s = 219. Calculate the highest common divisor of d and 23.
23
Let n be 24/28*31122/19. What is the greatest common factor of 117 and n?
117
Suppose -12*x + 10*x = -912. Calculate the highest common divisor of x and 24.
24
Suppose -14*m - 445 = 269. Let a = 56 + m. Calculate the greatest common factor of a and 10.
5
Suppose 4*t - 1184 = 3*i, -3*i + 9 = -3. What is the highest common factor of t and 23?
23
Let n be (28258/355)/(2/5) + -7. What is the greatest common factor of n and 6?
6
Suppose -7 = -2*c + 59. Let p(t) = t**2 - 58*t + 697. Let o be p(50). What is the highest common factor of c and o?
33
Let s be (2 + 12)/2 - (-12)/6. What is the greatest common factor of 306 and s?
9
Let u(o) = 133*o**2 + 12*o - 27. Let w be u(2). What is the greatest common divisor of w and 23?
23
Let s be (69 - (8/(-4) - 2)) + 1. Let c = s + -60. Suppose 2*m = -2*m + 140. Calculate the highest common divisor of c and m.
7
Let t be 2*(-1 - (-2)/4) + 15. Let b(y) = -y + 5. Let u be b(4). Let v be (1 - 0) + 6*u. Calculate the greatest common divisor of v and t.
7
Let g(j) = j**2 + 9*j - 6. Let b = -8 - 4. Let q be b/(-42) - (-144)/(-14). Let h be g(q). What is the highest common divisor of 32 and h?
4
Let u = 194 - 169. What is the highest common divisor of u and 475?
25
Suppose -p + x + 3 = 0, -37 = -3*p + 2*x - 29. What is the highest common factor of 1 and p?
1
Let o be 2 + 0 - 8/(-2). Let f(t) = t**3 + 6*t**2 - 15*t + 20. Let r be f(-8). Calculate the highest common divisor of o and r.
6
Let j(x) = -16*x**2 - 2*x + 1. Let g be j(1). Let r = g + 31. Let n = -67 + 221. What is the highest common divisor of r and n?
14
Suppose p + 1092 = 5*p. What is the highest common divisor of 39 and p?
39
Suppose -a - 126 = -5*g, 6 = -4*g + 5*g - 5*a. Suppose -h = -0*h - 104. What is the highest common divisor of g and h?
26
Let x = 72 + -50. Let y(a) be the second derivative of a**5/10 - a**4/12 - a**3/6 + a**2 + a. Let v be y(4). Calculate the greatest common divisor of v and x.
22
Let s(g) = -2*g**2 + 24*g - 19. Let w be s(11). Suppose 3*z + 12 = -w*o, 3*o + 2*z = z - 2. What is the greatest common divisor of o and 5?
1
Let v(c) = -66*c + 50. Let u be v(-2). What is the greatest common divisor of 39 and u?
13
Let o(u) = -2*u**2 + 8*u + u + 8 - 2. Let x be o(7). Let i = x - -62. What is the greatest common divisor of 11 and i?
11
Let f be (-6)/(-9) - (-2 + (-1120)/30). Let z(p) = -p + 20. Let d be z(0). What is the greatest common factor of f and d?
20
Let r = 582 - -85. Calculate the highest common divisor of 29 and r.
29
Suppose m + 2 = 0, -c - 5*m + 0*m = 1. Suppose -h + c*h - 192 = 0. Calculate the greatest common factor of 16 and h.
8
Let h be 149952/102 - 1 - (-6)/(-51). Calculate the greatest common factor of h and 13.
13
Suppose -3*t + 236 - 197 = 0. Calculate the highest common factor of 26 and t.
13
Let n be (-9)/12*-1324 - -7. Calculate the highest common divisor of 40 and n.
40
Suppose 0 = -38*c + 36*c + 1650. What is the highest common factor of c and 300?
75
Let k(s) = -12*s - 4. Let l be k(-1). What is the highest common divisor of 104 and l?
8
Let d be -1 + (1 - 8*-3). Suppose c - 12 = d. Suppose -2*n = -4*f + 56, 2*f = -0*f - n + c. What is the highest common divisor of 24 and f?
8
Let m be (4 + 1197/28)*8. What is the highest common factor of m and 34?
34
Let f(v) = 6*v - 14. Let g be f(4). Suppose 0*h - 2*h + g = 0, -32 = -3*u - h. Calculate the greatest common factor of 99 and u.
9
Let f(m) = 74*m - 572. Let v be f(8). What is the greatest common factor of 450 and v?
10
Let v = 721 + -153. What is the highest common factor of v and 497?
71
Let d(a) = a**2 - 6*a - 29. Let h be d(-15). Calculate the highest common factor of h and 22.
22
Let n = -432 + 511. Calculate the highest common factor of 79 and n.
79
Let f(c) = c**2 - 7*c. Let y be f(10). Suppose r - 100 = -y. Calculate the highest common divisor of r and 105.
35
Let x(b) = -2*b**3 + 36*b**2 + 16*b - 5. Let d be x(17). What is the greatest common divisor of d and 26?
13
Suppose -2*u = -7*u + 15. Suppose b + u*f + 0 - 5 = 0, -3*b + 2*f = 7. Let c be (5 - 1)*(-5)/b. Calculate the greatest common divisor of c and 30.
10
Let s(a) = 31*a - 3. Let r be s(2). Suppose r - 11 = 4*u. Suppose 0 = 4*n - u, -j + 3*j - 5 = n. Calculate the greatest common divisor of j and 12.
4
Let x = 167 + -138. Suppose -2*v + x = -111. Calculate the highest common divisor of 20 and v.
10
Let w be 4/(-14) - 93/(-7). Let t(g) = 27*g + 56. Let n be t(w). What is the greatest common divisor of n and 37?
37
Suppose 23 = -3*g + 2. Suppose 4*t = 19 + 13. Let s be t/(-10)*(g - 58). What is the highest common divisor of 13 and s?
13
Let y be (-3)/12 - (-7)/(-4). Let j(v) = -3*v**3 - 2*v**2 - 3*v - 2. Let r be j(y). Let l = -260 - -400. What is the highest common factor of r and l?
20
Suppose -12816*m = -12804*m - 156. What is the greatest common factor of 5 and m?
1
Suppose -2*u + 77 + 33 = 0. What is the greatest common factor of u and 11?
11
Let r be 9/12 - 10/(-8). Suppose -69 = -r*m + 5*o, 134 - 2 = 3*m + 2*o. Let b = -5 - -11. What is the greatest common factor of b and m?
6
Let n = 268 - 255. Calculate the highest common divisor of n and 221.
13
Let l(v) = -v**2 + v + 5 - 8*v - 7. Let n be l(-6). Calculate the greatest common factor of 4 and n.
4
Let p(a) = -a**2 - 5*a + 7. Let o be p(-5). Let t = 103 - 104. Let h be t/5 - (5 - (-612)/(-10)). Calculate the greatest common factor of o and h.
7
Suppose g + 2*z - 134 - 106 = 0, 4*g = 4*z + 1020. What is the greatest common factor of 110 and g?
10
Let b = 1369 + -621. What is the highest common factor of b and 204?
68
Suppose 0 = 4*n - 3*a - 1269, 2*n = -3*a - 155 + 776. What is the highest common factor of 70 and n?
35
Let l be 3/33 + 12939/209. Calculate the highest common divisor of 217 and l.
31
Let i be (-4)/(12/9*(-2)/360). Suppose i = -t + 5*t. What is the gre